hen 16772588 is divided by 636?
632
What is the remainder when 14459838 is divided by 73?
71
What is the remainder when 53779 is divided by 52996?
783
What is the remainder when 35341759 is divided by 2208856?
63
What is the remainder when 1340928 is divided by 60951?
6
What is the remainder when 262979 is divided by 3055?
249
What is the remainder when 6486904 is divided by 627?
589
What is the remainder when 807859 is divided by 6978?
5389
What is the remainder when 399022 is divided by 306?
304
What is the remainder when 667101 is divided by 133411?
46
What is the remainder when 684525 is divided by 572?
413
What is the remainder when 84875037 is divided by 160?
157
What is the remainder when 1729000 is divided by 4562?
2
Calculate the remainder when 456162 is divided by 32580.
42
Calculate the remainder when 254673 is divided by 42246.
1197
What is the remainder when 1626700 is divided by 406663?
48
What is the remainder when 208414 is divided by 3066?
2992
Calculate the remainder when 583159 is divided by 27769.
10
What is the remainder when 4116563 is divided by 111?
17
What is the remainder when 88901485 is divided by 998893?
8
What is the remainder when 570037 is divided by 7751?
4214
What is the remainder when 10288653 is divided by 1008?
1005
What is the remainder when 8265 is divided by 2281?
1422
Calculate the remainder when 959913 is divided by 38349.
1188
What is the remainder when 6409513 is divided by 10062?
19
Calculate the remainder when 706953 is divided by 518.
401
What is the remainder when 4290585 is divided by 536323?
1
Calculate the remainder when 3971786 is divided by 1985883.
20
Calculate the remainder when 693 is divided by 488.
205
Calculate the remainder when 17482386 is divided by 8741169.
48
Calculate the remainder when 170483 is divided by 11358.
113
What is the remainder when 59471015 is divided by 29735476?
63
What is the remainder when 370416 is divided by 5000?
416
Calculate the remainder when 7904106 is divided by 118.
112
Calculate the remainder when 7459286 is divided by 93.
35
Calculate the remainder when 5591564 is divided by 11007.
8
Calculate the remainder when 587932 is divided by 3284.
96
Calculate the remainder when 28424742 is divided by 7106182.
14
Calculate the remainder when 2509119 is divided by 1507.
1471
Calculate the remainder when 161040 is divided by 40259.
4
Calculate the remainder when 1631886 is divided by 1952.
14
What is the remainder when 1870946 is divided by 50?
46
What is the remainder when 55251 is divided by 720?
531
Calculate the remainder when 332404 is divided by 445.
434
What is the remainder when 37168 is divided by 272?
176
What is the remainder when 2063294 is divided by 254?
52
Calculate the remainder when 601103 is divided by 199687.
2042
Calculate the remainder when 1609110 is divided by 311.
307
Calculate the remainder when 555223 is divided by 29.
18
What is the remainder when 3129326 is divided by 471?
2
Calculate the remainder when 10865 is divided by 2508.
833
Calculate the remainder when 8136 is divided by 1995.
156
Calculate the remainder when 293062197 is divided by 5163.
5154
Calculate the remainder when 20462459 is divided by 986.
1
Calculate the remainder when 11683210 is divided by 106.
102
What is the remainder when 108690 is divided by 216?
42
Calculate the remainder when 17836 is divided by 17424.
412
What is the remainder when 26933102 is divided by 18?
8
What is the remainder when 6248915 is divided by 838?
787
What is the remainder when 68639553 is divided by 22879830?
63
Calculate the remainder when 56073982 is divided by 4.
2
Calculate the remainder when 1058614 is divided by 156.
154
What is the remainder when 33896 is divided by 309?
215
Calculate the remainder when 702720 is divided by 234184.
168
Calculate the remainder when 101047677 is divided by 16.
13
What is the remainder when 128033 is divided by 21293?
275
Calculate the remainder when 103638947 is divided by 2410208.
3
Calculate the remainder when 185789 is divided by 25.
14
What is the remainder when 48339576 is divided by 466?
464
What is the remainder when 346903 is divided by 3440?
2903
Calculate the remainder when 1334057 is divided by 359.
13
What is the remainder when 9616603 is divided by 4808295?
13
Calculate the remainder when 22228902 is divided by 605.
597
Calculate the remainder when 5278490 is divided by 27492.
26
What is the remainder when 4694085 is divided by 168?
165
What is the remainder when 8943721 is divided by 313?
59
Calculate the remainder when 2463774 is divided by 61.
45
What is the remainder when 2054924 is divided by 4835?
49
What is the remainder when 504652 is divided by 459?
211
What is the remainder when 230982 is divided by 38493?
24
Calculate the remainder when 1154499 is divided by 1588.
23
What is the remainder when 451340417 is divided by 97?
96
Calculate the remainder when 36406089 is divided by 43.
10
What is the remainder when 1499860 is divided by 1722?
1720
What is the remainder when 1533659 is divided by 3963?
3941
Calculate the remainder when 5814304 is divided by 226.
2
Calculate the remainder when 545423 is divided by 181745.
188
Calculate the remainder when 445050 is divided by 148239.
333
Calculate the remainder when 8578200 is divided by 10.
0
What is the remainder when 864255 is divided by 621?
444
Calculate the remainder when 5457875 is divided by 4470.
5
What is the remainder when 72630 is divided by 8097?
7854
Calculate the remainder when 18390322 is divided by 27.
1
Calculate the remainder when 127389975 is divided by 1000.
975
Calculate the remainder when 92253 is divided by 705.
603
What is the remainder when 432320 is divided by 2589?
2546
Calculate the remainder when 3111931 is divided by 79.
42
Calculate the remainder when 9438287 is divided by 9429.
9287
Calculate the remainder when 13045994 is divided by 609.
605
Calculate the remainder when 9280871 is divided by 1320.
1271
Calculate the remainder when 13091231 is divided by 13013.
153
Calculate the remainder when 4956799 is divided by 28.
15
Calculate the remainder when 1668702 is divided by 6.
0
What is the remainder when 313499 is divided by 882?
389
What is the remainder when 177245 is divided by 6817?
3
What is the remainder when 20022859 is divided by 22?
21
What is the remainder when 98811107 is divided by 5309?
5308
Calculate the remainder when 107976738 is divided by 731.
728
What is the remainder when 1836741 is divided by 1185?
1176
Calculate the remainder when 14913560 is divided by 65124.
164
What is the remainder when 333640 is divided by 56?
48
What is the remainder when 1473374 is divided by 1446?
1346
Calculate the remainder when 135341 is divided by 33.
8
What is the remainder when 26959720 is divided by 39?
34
Calculate the remainder when 39169 is divided by 6470.
349
What is the remainder when 7238539 is divided by 1721?
13
Calculate the remainder when 2319824 is divided by 1192.
192
Calculate the remainder when 2040855 is divided by 23.
19
Calculate the remainder when 1503080 is divided by 708.
704
Calculate the remainder when 175347 is divided by 9637.
1881
What is the remainder when 349180 is divided by 38487?
2797
Calculate the remainder when 789215 is divided by 486.
437
Calculate the remainder when 7535 is divided by 558.
281
Calculate the remainder when 759060 is divided by 7.
1
Calculate the remainder when 267591 is divided by 475.
166
What is the remainder when 49205 is divided by 24337?
531
What is the remainder when 220007 is divided by 54925?
307
Calculate the remainder when 15379 is divided by 2326.
1423
Calculate the remainder when 7052 is divided by 1597.
664
What is the remainder when 1213884 is divided by 645?
639
Calculate the remainder when 525981 is divided by 3985.
3946
Calculate the remainder when 318189 is divided by 318138.
51
Calculate the remainder when 240771 is divided by 1050.
321
Calculate the remainder when 925865 is divided by 45.
35
What is the remainder when 13610 is divided by 2817?
2342
Calculate the remainder when 14662104 is divided by 32801.
57
What is the remainder when 987195 is divided by 65812?
15
Calculate the remainder when 37413 is divided by 36408.
1005
Calculate the remainder when 61184 is divided by 1570